he prime factors of (-5 + u)*-10 + 3.
13
What are the prime factors of -1 + -3 - (-9630 + 0)*192/288?
2, 401
Suppose 3*p - 108 = -5*h, -4*h + 2*h + 2*p = -56. Let k = 1201 - h. List the prime factors of k.
11, 107
Let k be (-1)/1 + (-2 - -5). Let a be 642/(-10) + k/10. Let g = a - -141. List the prime factors of g.
7, 11
Let u(k) = 170*k + 75. List the prime factors of u(75).
3, 5, 19
Suppose 11*c + 13*c - 24559 - 129209 = 0. What are the prime factors of c?
43, 149
Let v = -30070 + 70695. List the prime factors of v.
5, 13
Suppose -12*p - 7*p + 81663 = -77994. What are the prime factors of p?
3, 2801
Suppose 9*z = 2*p + 4*z - 11538, -5*p + 28810 = 5*z. List the prime factors of p.
2, 11, 131
Let h(p) = -p**2 + 3*p - 6. Suppose -5*f + 8 + 2 = 0. Let c be h(f). Let s(g) = -2*g**3 + g**2 - 2*g + 4. List the prime factors of s(c).
2, 3, 13
Let s(u) = 13103*u - 1898. List the prime factors of s(3).
11, 19, 179
Let d(j) = -j**3 - 11*j**2 + 5*j + 57. Let k be d(-11). Suppose 5*p + 4*q - 1903 = 4261, -k*p - 4*q + 2456 = 0. What are the prime factors of p?
2, 3, 103
Let w(t) = -7541*t + 513. List the prime factors of w(-2).
5, 3119
Let a(i) = i + 8. Let b be a(-9). List the prime factors of (b/(8/(-922)))/((-13)/(-52)).
461
Let a be (-22)/(-11)*(-1 - -30). Suppose -55*q = -a*q + 1677. List the prime factors of q.
13, 43
Let y(s) = s**3 + 16*s**2 - 15*s + 39. Let v be y(-15). Let t = v - -134. What are the prime factors of t?
7, 89
Let x = -53 + 62. Suppose -10 = -c - x. List the prime factors of 438/(c - 2)*4/(-12).
2, 73
Suppose 2*u - 8*k + 13*k - 50104 = 0, 75149 = 3*u + 4*k. List the prime factors of u.
3, 11, 23
Suppose 3*k = -6, 16*f - 20*f - 4*k + 9096 = 0. Suppose -4*v = -4*c - f, 0 = 3*v - 8*v - 5*c + 2825. List the prime factors of v.
3, 7
List the prime factors of (-413192)/(3 + -32) + (-3)/(-1).
14251
Let c(m) = -7*m - 32. Let d(q) = -q**2 - q - 5. Let z be d(0). Let v be c(z). Suppose 2*p + 3*w = 232, v*p - 3*w = -0*w + 333. What are the prime factors of p?
113
Let t = -20 + 99. Let l(z) = -4 - t*z + 3 + 1. What are the prime factors of l(-1)?
79
Let l(c) = 217*c**2 - 7*c + 7. Let t be ((-5)/(-15))/(4/12). Let a be l(t). Suppose 12*v - a = 539. List the prime factors of v.
3, 7
Let q be (7*(-10)/(-6))/(4/12). Suppose -q*v - 3577 = -42*v. List the prime factors of v.
7, 73
Suppose -3*q + 10 = 19, -4*q - 28 = 4*v. List the prime factors of (-56)/12 - v - (-3292)/6.
2, 137
Suppose 12*u - 1232 - 37545 - 27523 = 0. List the prime factors of u.
5, 13, 17
Let p(t) = -4*t + 28. Let s be p(6). Suppose -j - u = u, -2*u - 30 = -s*j. What are the prime factors of j?
2, 3
Suppose 2*q - 14 = -q + 5*a, q = 5*a + 8. List the prime factors of q*4/(-30)*-720.
2, 3
Suppose -3*c - 2*y + 6652 = 0, -4*y + 1385 = c - 829. List the prime factors of c.
2, 1109
Let u be (-4)/(-16) + (-1540)/16. Let v = u - -94. Let n = 151 - v. What are the prime factors of n?
3, 17
Let x be 3*((-78)/(-18) - 4) - 1. Let o = -7 - -10. Suppose 531 = o*l - 0*l + 3*k, -3*l + 4*k + 531 = x. What are the prime factors of l?
3, 59
Suppose -5*p + 1064 = 164. Let u = -3808 + 3914. Let n = p - u. List the prime factors of n.
2, 37
Suppose 2*x - 34 = 3*m, 3*m + m = -16. List the prime factors of (-6 + x/2)*-28.
2, 7
Let g(d) be the third derivative of d**5/60 + d**4/4 + 11*d**3/2 - 191*d**2. What are the prime factors of g(-30)?
3, 251
Let z = -173 + 201. Suppose 34*f = z*f + 522. List the prime factors of f.
3, 29
Let p(h) = h**3 + 11*h**2 + 4*h + 3. Let q(o) = -o**3 + 10*o**2 + 9*o + 16. Let g be q(11). Let x be p(g). What are the prime factors of (x/1*4/6)/2?
53
Let t be -2 + 0/(1 + 1). Let a(k) = -3*k - 2. Let o be a(t). Suppose -o*u + 39 = -u. What are the prime factors of u?
13
Let d be 8/(-18)*27/(-6). Suppose 3*q + 5*f - 1062 - 395 = 0, -d*f = -5*q + 2480. What are the prime factors of q?
2, 13, 19
Suppose 1791 = -10*p + p. Let u = 1052 + p. What are the prime factors of u?
853
List the prime factors of 93/45 + 27/45 - (-361952)/24.
2, 3, 419
Suppose g - 25 = -a, 2*g + 25 = 5*a + 61. Let u(v) = 30*v + 136. What are the prime factors of u(g)?
2, 7, 59
Let h(a) = -11*a + 45. Let v be h(4). Let b(w) = 795*w + 5. What are the prime factors of b(v)?
2, 5
Let y = -943 + 13031. List the prime factors of y.
2, 1511
Suppose -4*l + 100151 = -5*u, 2*l + u - 48114 = 1965. List the prime factors of l.
7, 73
Suppose -5*r = -4*d - 117, -2*r + 0*d + 36 = 2*d. Let f(q) = 0*q + 5 + 2*q**2 - r + 3*q + q. What are the prime factors of f(-9)?
2, 5, 11
Let z(y) = 7*y + 22*y**3 + 3*y - 3 + 20*y**2 - 21*y. Let m(t) = -7*t**3 - 7*t**2 + 4*t + 1. Let u(i) = -17*m(i) - 6*z(i). List the prime factors of u(-2).
3, 5, 7
Let a(j) = j**3 + 22*j**2 + 23*j + 41. Let l be a(-21). Let i(k) = 683*k**2 + 6*k. What are the prime factors of i(l)?
677
Let q(o) = 35*o**2 + 16*o - 5. Let a(n) = -n**2. Let i(f) = -a(f) + q(f). List the prime factors of i(-4).
3, 13
List the prime factors of (-1 + 1 + 60/14)/(52/338884).
2, 3, 5, 7, 19
Let r(a) = 3*a - 9. Let o be r(4). Let w be -4*((-8)/(-4) - o). Suppose 4*u = g - 2*g + 368, -w*g = -3*u + 295. List the prime factors of u.
3, 31
List the prime factors of (-44402)/(-4) + (119/(-34))/7.
2, 3, 5, 37
Suppose l - 4*l + 6831 = 2*q, 3*q + 5*l - 10246 = 0. List the prime factors of q.
3, 17, 67
Let r(z) = 5*z**3 + 11*z**2 - 35. List the prime factors of r(7).
7, 317
Let r(p) = p**3 - 2*p**2 + 3*p - 3. Let x be r(2). Let d(m) = -19*m + 24*m - 6 + 34*m + 24. List the prime factors of d(x).
3, 5
Let s(k) = k**3 + 20*k**2 - 69*k. Let u be s(-23). Suppose u = -7*x - 2*x + 4212. List the prime factors of x.
2, 3, 13
Let w(f) = f**3 + 6*f**2 + f - 2. Let s be w(-5). Suppose 0 = -s*a + 13*a. Suppose -v + a*v = -2*h - 178, -v + 153 = 3*h. What are the prime factors of v?
2, 3, 7
Let o(p) = 252*p + 22. Let b(n) = -505*n - 42. Let q(g) = 3*b(g) + 5*o(g). What are the prime factors of q(-1)?
239
Let k = 636 + 2454. What are the prime factors of k?
2, 3, 5, 103
Suppose -31*u + 1429680 = 81*u. List the prime factors of u.
3, 5, 23, 37
Let p(z) be the second derivative of 1/12*z**4 - 9/2*z**2 - 16*z + 0 + 3/2*z**3. What are the prime factors of p(-13)?
43
Suppose 3*z + 21 = 3*i, 8*i + z = 5*i + 25. Let v(h) = -8*h + 8. Let q be v(i). List the prime factors of (-4522)/q - (-2)/8.
3
Let k(d) = 5877*d - 1159. List the prime factors of k(2).
5, 13, 163
Suppose -2*d + a + 40 = -0*a, 0 = 2*d + 5*a - 16. Let v = d + -19. List the prime factors of v - -107 - (15 + -11).
2, 3, 17
Let i(v) = 235*v - 2028. List the prime factors of i(45).
3, 7, 11, 37
Let h(v) = 5*v - 5*v**2 - 2*v + 4 + 1315*v**3 - 1313*v**3. Let a be h(2). Suppose 13*n = -a*n + 4617. List the prime factors of n.
3
Suppose 1810 = 2*p + s - 2086, -9755 = -5*p - 5*s. What are the prime factors of p?
5, 389
Let v = -86 - -93. Suppose 7 = 4*o - 0*a - 3*a, a = -o + v. Suppose 5*u - o*t = 641, -6*t = -2*t + 16. List the prime factors of u.
5
Let z(w) be the first derivative of -w**3/3 - 25*w**2/2 - 17*w + 91. Let j(x) = -7*x + 1. Let p be j(3). List the prime factors of z(p).
83
Let g be (-12 - -14) + 10*-1 + -100. Let h be (-6)/(-33) - 5716/(-22). Let a = g + h. List the prime factors of a.
2, 19
Let j(d) be the first derivative of 6*d**2 - 76*d - 5. List the prime factors of j(22).
2, 47
Let z(v) be the second derivative of 0 + 9*v + 2/3*v**3 + 6*v**2. What are the prime factors of z(12)?
2, 3, 5
Suppose 7*j - 18240 = 2*j. Suppose -2*s = -4*c + j, 4*c - 2*s = 2*c + 1820. Suppose -8*m + 54 = -c. What are the prime factors of m?
11
What are the prime factors of ((-50751)/18*14/(-21))/((-3)/(-18))?
2, 5639
Suppose 0 = 5*m - 3*h - 66, -2*m - 87 = -7*m - 4*h. Suppose -m = 8*o - 13*o. Let b(f) = 66*f + 10. List the prime factors of b(o).
2, 13
Let k = -9 - -17. Suppose 10 = 2*j - 3*j - 5*o, 0 = -4*o - k. Suppose -v + 4 + 5 = j. What are the prime factors of v?
3
Suppose 19 = 10*c - 11. Let v(h) = -c + 2*h**2 + 0*h - h**2 - 4*h - h**3 + 2*h. List the prime factors of v(-4).
5, 17
Suppose -j - 372422 = -4*i - 91332, 0 = -4*i + 3*j + 281086. Suppose 52*y - 28319 - i = 0. What are the prime factors of y?
2, 3, 79
Let f be (525/9 + -5)*-3. Let r = -93 - f. Let s = r - -24. What are the prime factors of s?
7, 13
Let z = 41 + 2. Suppose -3*u - 2*u - 2*o = 